f 4385?
8
What is the ten thousands digit of 87344?
8
What is the units digit of 1840?
0
What is the units digit of 32131?
1
What is the tens digit of 12563?
6
What is the tens digit of 63169?
6
What is the tens digit of 1798?
9
What is the units digit of 4544?
4
What is the tens digit of 6451?
5
What is the units digit of 931?
1
What is the tens digit of 67528?
2
What is the units digit of 3121?
1
What is the hundreds digit of 6084?
0
What is the thousands digit of 45867?
5
What is the ten thousands digit of 76105?
7
What is the thousands digit of 1279?
1
What is the hundreds digit of 1496?
4
What is the units digit of 4026?
6
What is the thousands digit of 6307?
6
What is the ten thousands digit of 25013?
2
What is the ten thousands digit of 61835?
6
What is the thousands digit of 3067?
3
What is the thousands digit of 7476?
7
What is the thousands digit of 3365?
3
What is the units digit of 8585?
5
What is the units digit of 12337?
7
What is the tens digit of 15750?
5
What is the tens digit of 4474?
7
What is the thousands digit of 14222?
4
What is the tens digit of 4301?
0
What is the thousands digit of 1626?
1
What is the thousands digit of 1045?
1
What is the units digit of 2?
2
What is the hundreds digit of 3733?
7
What is the hundreds digit of 7555?
5
What is the ten thousands digit of 84180?
8
What is the hundreds digit of 2671?
6
What is the units digit of 1285?
5
What is the units digit of 2215?
5
What is the thousands digit of 1656?
1
What is the thousands digit of 2069?
2
What is the units digit of 208?
8
What is the units digit of 557?
7
What is the ten thousands digit of 41437?
4
What is the hundreds digit of 1036?
0
What is the hundreds digit of 1265?
2
What is the units digit of 55?
5
What is the hundreds digit of 12926?
9
What is the hundreds digit of 2628?
6
What is the units digit of 73719?
9
What is the hundreds digit of 70990?
9
What is the units digit of 3881?
1
What is the tens digit of 3435?
3
What is the hundreds digit of 3447?
4
What is the hundreds digit of 8421?
4
What is the hundreds digit of 947?
9
What is the hundreds digit of 1505?
5
What is the hundreds digit of 14956?
9
What is the tens digit of 6862?
6
What is the units digit of 11236?
6
What is the hundreds digit of 18391?
3
What is the hundreds digit of 39665?
6
What is the ten thousands digit of 17536?
1
What is the ten thousands digit of 70716?
7
What is the hundreds digit of 471?
4
What is the units digit of 588?
8
What is the hundreds digit of 9467?
4
What is the units digit of 58?
8
What is the tens digit of 1680?
8
What is the hundreds digit of 3569?
5
What is the units digit of 5626?
6
What is the units digit of 5669?
9
What is the tens digit of 7705?
0
What is the thousands digit of 41475?
1
What is the units digit of 17987?
7
What is the units digit of 4892?
2
What is the hundreds digit of 6820?
8
What is the tens digit of 28548?
4
What is the tens digit of 1653?
5
What is the hundreds digit of 1090?
0
What is the hundreds digit of 1418?
4
What is the hundreds digit of 1856?
8
What is the tens digit of 1173?
7
What is the hundreds digit of 59767?
7
What is the units digit of 560?
0
What is the thousands digit of 19504?
9
What is the hundreds digit of 1239?
2
What is the units digit of 31602?
2
What is the hundreds digit of 993?
9
What is the hundreds digit of 2101?
1
What is the hundreds digit of 7540?
5
What is the hundreds digit of 251?
2
What is the tens digit of 432?
3
What is the units digit of 10?
0
What is the hundreds digit of 12112?
1
What is the units digit of 1168?
8
What is the tens digit of 2592?
9
What is the tens digit of 131?
3
What is the units digit of 1358?
8
What is the thousands digit of 8539?
8
What is the thousands digit of 8230?
8
What is the units digit of 89?
9
What is the thousands digit of 1739?
1
What is the tens digit of 917?
1
What is the units digit of 15430?
0
What is the thousands digit of 3710?
3
What is the hundreds digit of 4009?
0
What is the units digit of 95134?
4
What is the thousands digit of 41094?
1
What is the thousands digit of 1713?
1
What is the units digit of 1269?
9
What is the thousands digit of 37321?
7
What is the ten thousands digit of 22382?
2
What is the hundreds digit of 14791?
7
What is the tens digit of 666?
6
What is the units digit of 2579?
9
What is the tens digit of 9671?
7
What is the hundreds digit of 6277?
2
What is the units digit of 1133?
3
What is the tens digit of 3421?
2
What is the tens digit of 90658?
5
What is the units digit of 35425?
5
What is the thousands digit of 2539?
2
What is the units digit of 2740?
0
What is the tens digit of 7445?
4
What is the hundreds digit of 1171?
1
What is the units digit of 15154?
4
What is the thousands digit of 8516?
8
What is the tens digit of 2262?
6
What is the tens digit of 14977?
7
What is the hundreds digit of 29219?
2
What is the units digit of 904?
4
What is the units digit of 57?
7
What is the units digit of 1237?
7
What is the thousands digit of 106039?
6
What is the thousands digit of 3709?
3
What is the thousands digit of 1026?
1
What is the tens digit of 3731?
3
What is the thousands digit of 9342?
9
What is the hundreds digit of 3396?
3
What is the tens digit of 5967?
6
What is the units digit of 14090?
0
What is the tens digit of 5559?
5
What is the units digit of 12464?
4
What is the hundreds digit of 3271?
2
What is the units digit of 18749?
9
What is the tens digit of 445?
4
What is the units digit of 1180?
0
What is the thousands digit of 71023?
1
What is the hundreds digit of 388?
3
What is the units digit of 7618?
8
What is the hundreds digit of 55225?
2
What is the thousands digit of 5186?
5
What is the tens digit of 1532?
3
What is the units digit of 9933?
3
What is the hundreds digit of 914?
9
What is the tens digit of 5404?
0
What is the units digit of 10247?
7
What is the tens digit of 95468?
6
What is the thousands digit of 72002?
2
What is the thousands digit of 4434?
4
What is the thousands digit of 21337?
1
What is the units digit of 619?
9
What is the tens digit of 1038?
3
What is the ten thousands digit of 79771?
7
What is the units digit of 13066?
6
What is the ten thousands digit of 83599?
8
What is the tens digit of 8443?
4
What is the thousands digit of 71902?
1
What is the units digit of 5944?
4
What is the units digit of 6887?
7
What is the thousands digit of 2567?
2
What is the units digit of 144889?
9
What is the thousands digit of 2016?
2
What is the units digit of 4387?
7
What is the hundred thousands digit of 137619?
1
What is the ten thousands digit of 10553?
1
What is the ten thousands digit of 27307?
2
What is the ten thousands digit of 25224?
2
What is the units digit of 40856?
6
What is the tens digit of 3745?
4
What is the thousands digit of 3676?
3
What is the hundreds digit of 22213?
2
What is the hundreds digit of 945?
9
What is the thousands digit of 1572?
1
What is the hundreds digit of 50028?
0
What is the hundreds digit of 8667?
6
What is the thousands digit of 3441?
3
What is the hundreds digit of 393?
3
What is the thousands digit of 33074?
3
What is the ten thousands digit of 36458?
3
What is the thousands digit of 1527?
1
What is the tens digit of 17758?
5
What is the units digit of 5722?
2
What is the thousands digit of 1208?
1
What is the tens digit of 5586?
8
What is the thousands digit of 13720?
3
What is the tens digit of 2100?
0
What is the hundreds digit of 1873?
8
What is the tens digit of 523?
2
What is the tens digit of 39261?
6
What is the hundreds digit of 18434?
4
What is the units digit of 8491?
1
What is the units digit of 46568?
8
What is the tens digit of 98007?
0
What is the ten thousands digit of 15021?
1
What is the hundreds digit of 22013?
0
What is the ten thousands digit of 140390?
4
What is the tens digit of 8737?
3
What is the thousands digit of 111150?
1
What is the tens digit of 8472?
7
What is the units digit of 26849?
9
What is the units digit of 2618?
8
What is the units digit of 1406?
6
What is the thousands digit of 2310?
2
What is the thousands digit of 1535?
1
What is the tens digit of 101?
0
What is the hundreds digit of 46654?
6
What is the tens digit of 5879?
7
What is the thousands digit of 2538?
2
What is the tens digit of 1875?
7
What i